{"id":41,"date":"2011-02-24T00:06:57","date_gmt":"2011-02-24T00:06:57","guid":{"rendered":"http:\/\/www.pferdepraxis-niemendal.de\/wordpress\/?page_id=41"},"modified":"2017-06-21T17:33:02","modified_gmt":"2017-06-21T17:33:02","slug":"chiropraxis-2","status":"publish","type":"page","link":"https:\/\/www.pferdepraxis-niemendal.de\/?page_id=41","title":{"rendered":"Prophylaxe"},"content":{"rendered":"<h2><strong>Schutzimpfungen<\/strong><\/h2>\n<p>Durch gezielte Impfungen kann heutzutage der Ausbruch vieler Infektionskrankheiten verhindert werden. Um f\u00fcr das einzelne Pferd einen ausreichenden Impfschutz zu erreichen, ist eine gute Grundimmunisierung unerl\u00e4sslich. F\u00fcr die g\u00e4ngigsten Impfstoffe (Influenza, Herpes und Tetanus; die sogenannten Core-Komponenten) gilt das Impfschema einer zweimaligen Injektion im Abstand von ungef\u00e4hr 6 Wochen, gefolgt von einer dritten Impfung ein halbes Jahr (Influenza\/Herpes) oder Jahr (Tetanus)\u00a0sp\u00e4ter.\u00a0Danach sind Wiederholungsimpfungen\u00a0alle 6 Monate (Influenza und Herpes)\u00a0bzw.\u00a02 Jahre (Tetanus) f\u00e4llig.<\/p>\n<p>Tragende Stuten k\u00f6nnen zur Reduzierung des Risikos eines sogenannten Virusaborts im 5., 7. und 9. Monat der Tr\u00e4chtigkeit geimpft werden.<\/p>\n<p>\u00dcber die Biestmilch ist das Fohlen in den ersten Lebensmonaten gesch\u00fctzt. Fohlen k\u00f6nnen ab einem Alter von\u00a0sechs Monaten die erste Impfungen bekommen.<\/p>\n<p>Turnierpferde d\u00fcrfen laut LPO erst 14 Tage nach der zweiten Influenza-Impfung der Grundimmunisierung\u00a0im Wettkampf\u00a0starten. Zwischen einer Wiederholungsimpfung und einem Turnierstart sollten sieben Tage vergangen sein. Es erfolgen halbj\u00e4hrliche Wiederholungsimpfungen.<\/p>\n<p>Bei dem immer h\u00e4ufiger angewandten Impfstoff gegen Hautpilz werden 2 Impfungen im Abstand von 2 Wochen empfohlen. Das Produkt wird auch zur Therapie bei bereits bestehender Erkrankung empfohlen.<\/p>\n<p>Am Tag der Impfung und einige Tage danach sollte\u00a0Stress f\u00fcr das geimpfte Pferd\u00a0vermieden werden. Nur dann kann\u00a0die Impfung gut verarbeitet werden\u00a0und das Immunsystem hat die M\u00f6glichkeit, einen optimalen Impfschutz aufzubauen.\u00a0Die Pferde sollten nur leicht bewegt werden. Absolute Boxenruhe ist nicht notwendig. Idealerweise sollte nicht zeitgleich mit einer Impfung entwurmt werden.<\/p>\n<p>Neben den schon angesprochenen Impfungen gibt es die M\u00f6glichkeit,\u00a0Pferde gegen Druse, Infekti\u00f6se Arteritis (EVA), Rotavirus-Infektionen, Lyme-Borreliose, Tollwut\u00a0und West-Nil-Virus-Infektionen zu impfen. Welche Impfungen f\u00fcr Ihr Pferd Sinn machen, h\u00e4ngt von der\u00a0individuellen Ansteckungsgefahr ab. Gerne beraten\u00a0wir\u00a0Sie in einem pers\u00f6nlichen Impfgespr\u00e4ch.<\/p>\n<h2><strong>Vorsorgeuntersuchungen (Screening)<\/strong><\/h2>\n<p>Das Ziel von\u00a0Screenings ist die fr\u00fchzeitige Entdeckung\u00a0von bestimmten\u00a0Krankheiten. Durch eine zeitnahe Diagnose kann wertvolle Zeit\u00a0gewonnen werden.<\/p>\n<p>Die regelm\u00e4\u00dfige Kontrolle der Zahngesundheit ist dabei an erster Stelle zu nennen. Durch die rechtzeitige Behandlung wird eine optimale Futterverwertung gew\u00e4hrleistet und die Rittigkeit verbessert.\u00a0Durch die rechtzeitige Aufdeckung und Behandlung von chronischen Beschwerden wie COB (RAO), dem Metabolischen Syndrom (EMS), Cushing (ECS), Hufrehe und Periodischer Augenentz\u00fcndung (ERU)\u00a0bietet sich\u00a0die M\u00f6glichkeit, die Lebensqualit\u00e4t Ihres Pferdes\u00a0zu verbessern und Folgesch\u00e4den zu vermeiden.<\/p>\n<p>Welche vorbeugenden Untersuchungen sinnvoll sind, h\u00e4ngt von vielen Faktoren ab. Dabei\u00a0sind Alter, Rasse und Haltungsform zu ber\u00fccksichtigen. Die Untersuchungen werden individuell\u00a0auf Ihr Pferd abgestimmt.<\/p>\n<p>Vorsorgeuntersuchungen lassen sich mit einem Impftermin sehr gut kombinieren.<\/p>\n","protected":false},"excerpt":{"rendered":"<p>Schutzimpfungen Durch gezielte Impfungen kann heutzutage der Ausbruch vieler Infektionskrankheiten verhindert werden. Um f\u00fcr das einzelne Pferd einen ausreichenden Impfschutz zu erreichen, ist eine gute Grundimmunisierung unerl\u00e4sslich. F\u00fcr die g\u00e4ngigsten Impfstoffe (Influenza, Herpes und Tetanus; die sogenannten Core-Komponenten) gilt das &hellip; <a href=\"https:\/\/www.pferdepraxis-niemendal.de\/?page_id=41\">Continue reading <span class=\"meta-nav\">&rarr;<\/span><\/a><\/p>\n","protected":false},"author":1,"featured_media":511,"parent":0,"menu_order":4,"comment_status":"open","ping_status":"open","template":"","meta":[],"_links":{"self":[{"href":"https:\/\/www.pferdepraxis-niemendal.de\/index.php?rest_route=\/wp\/v2\/pages\/41"}],"collection":[{"href":"https:\/\/www.pferdepraxis-niemendal.de\/index.php?rest_route=\/wp\/v2\/pages"}],"about":[{"href":"https:\/\/www.pferdepraxis-niemendal.de\/index.php?rest_route=\/wp\/v2\/types\/page"}],"author":[{"embeddable":true,"href":"https:\/\/www.pferdepraxis-niemendal.de\/index.php?rest_route=\/wp\/v2\/users\/1"}],"replies":[{"embeddable":true,"href":"https:\/\/www.pferdepraxis-niemendal.de\/index.php?rest_route=%2Fwp%2Fv2%2Fcomments&post=41"}],"version-history":[{"count":29,"href":"https:\/\/www.pferdepraxis-niemendal.de\/index.php?rest_route=\/wp\/v2\/pages\/41\/revisions"}],"predecessor-version":[{"id":670,"href":"https:\/\/www.pferdepraxis-niemendal.de\/index.php?rest_route=\/wp\/v2\/pages\/41\/revisions\/670"}],"wp:featuredmedia":[{"embeddable":true,"href":"https:\/\/www.pferdepraxis-niemendal.de\/index.php?rest_route=\/wp\/v2\/media\/511"}],"wp:attachment":[{"href":"https:\/\/www.pferdepraxis-niemendal.de\/index.php?rest_route=%2Fwp%2Fv2%2Fmedia&parent=41"}],"curies":[{"name":"wp","href":"https:\/\/api.w.org\/{rel}","templated":true}]}}